Calculate the remainder when 5777 is divided by 445.
437
Calculate the remainder when 112298 is divided by 233.
225
Calculate the remainder when 53743 is divided by 59.
53
Calculate the remainder when 221755 is divided by 579.
577
Calculate the remainder when 166618 is divided by 591.
547
Calculate the remainder when 47876 is divided by 7972.
44
What is the remainder when 8328 is divided by 1542?
618
What is the remainder when 63112 is divided by 7?
0
What is the remainder when 1503 is divided by 191?
166
Calculate the remainder when 548 is divided by 147.
107
What is the remainder when 81648 is divided by 19?
5
What is the remainder when 3730 is divided by 1839?
52
What is the remainder when 132546 is divided by 11?
7
Calculate the remainder when 1447072 is divided by 337.
331
What is the remainder when 27583 is divided by 5?
3
What is the remainder when 474203 is divided by 86?
85
Calculate the remainder when 20144 is divided by 147.
5
Calculate the remainder when 124 is divided by 57.
10
Calculate the remainder when 48202 is divided by 103.
101
What is the remainder when 96886 is divided by 24?
22
What is the remainder when 257643 is divided by 78?
9
Calculate the remainder when 185648 is divided by 92817.
14
Calculate the remainder when 766429 is divided by 35.
34
What is the remainder when 56369 is divided by 123?
35
What is the remainder when 4363 is divided by 84?
79
Calculate the remainder when 711711 is divided by 4.
3
What is the remainder when 20590 is divided by 343?
10
What is the remainder when 1656 is divided by 232?
32
Calculate the remainder when 709446 is divided by 13.
10
Calculate the remainder when 203 is divided by 88.
27
What is the remainder when 12486 is divided by 1383?
39
Calculate the remainder when 225493 is divided by 928.
917
What is the remainder when 111 is divided by 100?
11
Calculate the remainder when 34493 is divided by 2299.
8
Calculate the remainder when 199834 is divided by 47.
37
What is the remainder when 169652 is divided by 158?
118
What is the remainder when 174153 is divided by 16?
9
What is the remainder when 18153 is divided by 3613?
88
What is the remainder when 13833 is divided by 2719?
238
What is the remainder when 143942 is divided by 42?
8
What is the remainder when 3070 is divided by 236?
2
What is the remainder when 18028 is divided by 2008?
1964
What is the remainder when 577 is divided by 208?
161
Calculate the remainder when 33968 is divided by 283.
8
Calculate the remainder when 2054 is divided by 25.
4
Calculate the remainder when 158543 is divided by 144.
143
Calculate the remainder when 118399 is divided by 59197.
5
What is the remainder when 21721 is divided by 1445?
46
Calculate the remainder when 2192 is divided by 606.
374
What is the remainder when 71402 is divided by 294?
254
What is the remainder when 861813 is divided by 86?
7
What is the remainder when 4230 is divided by 108?
18
Calculate the remainder when 6683 is divided by 72.
59
Calculate the remainder when 23919 is divided by 5900.
319
Calculate the remainder when 25747 is divided by 41.
40
What is the remainder when 263336 is divided by 210?
206
Calculate the remainder when 4741 is divided by 1179.
25
What is the remainder when 3219 is divided by 397?
43
Calculate the remainder when 73890 is divided by 292.
14
What is the remainder when 2014 is divided by 504?
502
What is the remainder when 4807214 is divided by 1201801?
10
What is the remainder when 18699 is divided by 74?
51
What is the remainder when 17781 is divided by 5886?
123
Calculate the remainder when 22084 is divided by 330.
304
Calculate the remainder when 16420 is divided by 256.
36
Calculate the remainder when 10410471 is divided by 571.
570
Calculate the remainder when 7432 is divided by 240.
232
What is the remainder when 125609 is divided by 62799?
11
What is the remainder when 3134 is divided by 733?
202
What is the remainder when 3358 is divided by 182?
82
What is the remainder when 840 is divided by 37?
26
Calculate the remainder when 9464 is divided by 11.
4
Calculate the remainder when 165 is divided by 39.
9
What is the remainder when 252692 is divided by 18046?
48
What is the remainder when 9575 is divided by 851?
214
Calculate the remainder when 13337 is divided by 38.
37
Calculate the remainder when 1376 is divided by 258.
86
What is the remainder when 3891 is divided by 1081?
648
Calculate the remainder when 22702 is divided by 28.
22
Calculate the remainder when 451 is divided by 261.
190
What is the remainder when 45223 is divided by 44?
35
Calculate the remainder when 1393 is divided by 1393.
0
What is the remainder when 31781 is divided by 552?
317
What is the remainder when 5992 is divided by 222?
220
What is the remainder when 34513 is divided by 166?
151
Calculate the remainder when 14498 is divided by 138.
8
What is the remainder when 9737 is divided by 4865?
7
What is the remainder when 3304 is divided by 1634?
36
What is the remainder when 18513 is divided by 18427?
86
What is the remainder when 56857 is divided by 11?
9
Calculate the remainder when 65912 is divided by 381.
380
What is the remainder when 43541 is divided by 702?
17
What is the remainder when 111144 is divided by 27776?
40
Calculate the remainder when 127708 is divided by 368.
12
What is the remainder when 74554 is divided by 944?
922
Calculate the remainder when 307680 is divided by 61.
57
Calculate the remainder when 124935 is divided by 23.
22
Calculate the remainder when 4272 is divided by 1414.
30
What is the remainder when 40449 is divided by 109?
10
What is the remainder when 788494 is divided by 58?
42
Calculate the remainder when 13787 is divided by 289.
204
Calculate the remainder when 4151 is divided by 466.
423
Calculate the remainder when 22951 is divided by 151.
150
Calculate the remainder when 38157 is divided by 477.
474
What is the remainder when 274627 is divided by 40?
27
Calculate the remainder when 9531 is divided by 308.
291
What is the remainder when 14889 is divided by 990?
39
Calculate the remainder when 5763 is divided by 4.
3
Calculate the remainder when 184167 is divided by 48.
39
What is the remainder when 16912 is divided by 40?
32
Calculate the remainder when 7007 is divided by 778.
5
Calculate the remainder when 11442 is divided by 2.
0
Calculate the remainder when 4976 is divided by 239.
196
What is the remainder when 133847 is divided by 274?
135
What is the remainder when 12288 is divided by 17?
14
Calculate the remainder when 537840 is divided by 166.
0
Calculate the remainder when 1601 is divided by 873.
728
Calculate the remainder when 6581 is divided by 68.
53
What is the remainder when 2593 is divided by 330?
283
Calculate the remainder when 1366241 is divided by 71.
59
Calculate the remainder when 46138 is divided by 15360.
58
Calculate the remainder when 21502 is divided by 103.
78
Calculate the remainder when 251139 is divided by 10.
9
What is the remainder when 31905 is divided by 707?
90
What is the remainder when 8217 is divided by 45?
27
Calculate the remainder when 1734 is divided by 141.
42
What is the remainder when 74919 is divided by 135?
129
What is the remainder when 6147 is divided by 405?
72
What is the remainder when 9041 is divided by 1751?
286
Calculate the remainder when 2483 is divided by 772.
167
What is the remainder when 68384 is divided by 80?
64
Calculate the remainder when 10199 is divided by 5.
4
Calculate the remainder when 61983 is divided by 1770.
33
Calculate the remainder when 154714 is divided by 36.
22
What is the remainder when 6207 is divided by 864?
159
What is the remainder when 2413 is divided by 360?
253
What is the remainder when 4033 is divided by 38?
5
Calculate the remainder when 1584 is divided by 157.
14
What is the remainder when 286668 is divided by 67?
42
Calculate the remainder when 359531 is divided by 11235.
11
What is the remainder when 16470 is divided by 20?
10
What is the remainder when 10985 is divided by 14?
9
Calculate the remainder when 16661 is divided by 102.
35
What is the remainder when 88144 is divided by 3?
1
What is the remainder when 16274 is divided by 74?
68
Calculate the remainder when 8619 is divided by 5.
4
Calculate the remainder when 90906 is div